(base 16) to base 11
196947
1210740 (base 8) to base 14
89128
What is 1a6214 (base 16) in base 3?
10020211210200
What is 1bc7aa (base 15) in base 9?
2500437
What is 4542554 (base 6) in base 12?
b1a5a
-10010000111110001010 (base 2) to base 11
-376150
Convert 112212211221101 (base 3) to base 12.
279539a
-84a315 (base 16) to base 4
-201022030111
What is -213205000 (base 6) in base 2?
-1110011110101100111000
Convert -4a6116 (base 12) to base 13.
-3362a6
What is 376ba (base 14) in base 7?
1103623
What is -148663 (base 10) in base 8?
-442267
What is 2526452 (base 7) in base 6?
10555122
What is 100000001001100011 (base 2) in base 14?
35dbd
100101101000100000100010 (base 2) to base 13
2075435
Convert 1625002 (base 9) to base 10.
902504
Convert -55aa (base 12) to base 5.
-300430
What is 95422b (base 12) in base 11?
1365990
What is 680386 (base 9) in base 6?
12420423
Convert 23546 (base 10) to base 3.
1012022002
-7006c (base 15) to base 8
-1264255
103110233031 (base 4) to base 16
4d4bcd
Convert 11831a0 (base 15) to base 7.
211543053
293b3b (base 15) to base 3
10201221200202
What is 310115 (base 7) in base 3?
2200112122
10110111100110011000 (base 2) to base 7
6251330
-2809787 (base 10) to base 11
-164a042
Convert 16ab7 (base 12) to base 4.
13332223
What is -1000002021000 (base 3) in base 14?
-dc3ba
What is -7a551 (base 11) in base 12?
-5748a
Convert 1379a7 (base 11) to base 5.
23343442
Convert -1305004 (base 8) to base 7.
-3041226
Convert -34805a0 (base 12) to base 2.
-100110100110101101001000
242772 (base 8) to base 16
145fa
-2a2574 (base 13) to base 8
-3742472
What is 112012102100 (base 3) in base 14?
73c13
What is -3c083 (base 13) in base 5?
-12042104
What is -2116443 (base 9) in base 14?
-216dad
Convert -99dbd0 (base 14) to base 8.
-23733352
-1493294 (base 11) to base 6
-130410120
1032223313 (base 4) to base 9
541085
What is -2666622 (base 8) in base 16?
-b6d92
Convert -2661871 (base 9) to base 14.
-29d499
101010100000011011 (base 2) to base 13
6132b
Convert -487598 (base 10) to base 9.
-822765
4755a2 (base 14) to base 3
11120201021001
What is -16308 (base 10) in base 4?
-3332310
What is 101000000000110 (base 2) in base 10?
20486
Convert 11319c (base 16) to base 7.
12402111
Convert 5113312 (base 6) to base 7.
2031536
-12300011 (base 4) to base 10
-27653
Convert 13053404 (base 7) to base 8.
4423534
What is -100592 (base 14) in base 4?
-2003210310
201112001201 (base 3) to base 14
a004d
Convert -13004200 (base 5) to base 2.
-11110101001101110
What is -3650e (base 16) in base 3?
-102022011221
What is -1205121 (base 7) in base 13?
-54876
Convert -4651020 (base 8) to base 6.
-43050000
What is -100100100110110001101010 (base 2) in base 12?
-32692b6
Convert -7a155 (base 12) to base 4.
-213231101
What is -b372 (base 13) in base 5?
-1243032
-31317 (base 14) to base 7
-1002530
551579 (base 10) to base 16
86a9b
40220310 (base 5) to base 2
1001110001001010000
-48696 (base 10) to base 8
-137070
What is 6126aa (base 11) in base 7?
11240063
Convert 2433224 (base 6) to base 15.
2837a
What is 11000101110011111 (base 2) in base 16?
18b9f
Convert -31011022 (base 6) to base 11.
-557184
3904aa (base 12) to base 2
11100011111111000010
Convert 1111001000011010111 (base 2) to base 4.
1321003113
Convert -2110202011111 (base 3) to base 4.
-11000233303
What is 26d6d1 (base 15) in base 4?
13020002101
What is -3313886 (base 9) in base 10?
-1780944
-744089 (base 10) to base 13
-2008b8
Convert -233222031202 (base 4) to base 15.
-116bc61
What is -81655 (base 10) in base 5?
-10103110
Convert -11225532 (base 8) to base 10.
-2435930
Convert -221657 (base 8) to base 10.
-74671
23333324 (base 8) to base 15
6a90d6
-1011100101011100011 (base 2) to base 14
-9c4b9
Convert -79a8c6 (base 13) to base 5.
-1214121314
What is 10010110011110101001000 (base 2) in base 8?
22636510
-4025445 (base 7) to base 16
-7489e
Convert 22206201 (base 8) to base 2.
10010010000110010000001
9a2208 (base 11) to base 8
6062475
What is -156e40 (base 16) in base 5?
-324420410
What is 104706 (base 9) in base 10?
62538
What is -27432657 (base 8) in base 11?
-3537793
Convert -b051a (base 15) to base 10.
-558025
Convert -15c9c (base 15) to base 14.
-1b8cb
What is 211233030 (base 4) in base 9?
255026
36336512 (base 7) to base 6
153211335
Convert 2689bb7 (base 13) to base 3.
211211100111020
-525a8 (base 11) to base 3
-10220001200
-759c0 (base 13) to base 10
-212589
2002222120002 (base 3) to base 12
4610b5
477ab7 (base 16) to base 9
8728787
-7236203 (base 9) to base 16
-3aef87
Convert -cd15 (base 14) to base 8.
-105247
Convert 3dd1a1 (base 14) to base 11.
1238546
What is -10000111011101001110 (base 2) in base 5?
-120223310
What is -227111 (base 11) in base 8?
-1300602
What is 41263 (base 7) in base 8?
23552
What is -138d9 (base 15) in base 10?
-62754
-6e9b7 (base 15) to base 6
-11323101
What is -401d9a (base 14) in base 2?
-1000001110100010110100
What is 120120010 (base 4) in base 6?
2050124
-d8842 (base 16) to base 11
-556338
Convert 1011110011000110100 (base 2) to base 16.
5e634
Convert 6516a3 (base 16) to base 15.
8ace21
What is -1e1b (base 16) in base 10?
-7707
-48c17 (base 13) to base 4
-200223230
Convert 73a34 (base 11) to base 10.
107727
Convert 110110000110001011010 (base 2) to base 4.
12300301122
Convert 896b (base 13) to base 6.
224454
What is -227048 (base 9) in base 7?
-1105400
What is c7918 (base 13) in base 8?
1276345
1b4b83 (base 12) to base 5
111014043
What is 113171 (base 10) in base 9?
182215
Convert -2e664 (base 16) to base 13.
-68675
What is -10101011111000011 (base 2) in base 5?
-10304003
-37b840 (base 12) to base 9
-1638743
What is 5036738 (base 9) in base 3?
12001020211022
1000011011010110001011 (base 2) to base 10
2209163
What is -711408 (base 11) in base 3?
-2011010000202
What is -23214003 (base 5) in base 8?
-633107
What is -a7280a (base 14) in base 2?
-10101100100011011001010
What is 2131410 (base 5) in base 3?
1212001010
-1455434 (base 7) to base 13
-6c659
What is -8978d (base 16) in base 4?
-2021132031
-23511413 (base 7) to base 14
-3c480a
-2000220001222 (base 3) to base 14
-201a59
What is 10b16b9 (base 12) in base 3?
20001102122020
Convert -110221120111 (base 3) to base 10.
-254839
11312213230 (base 4) to base 16
1769ec
Convert -10000100111001100011 (base 2) to base 9.
-1018638
318213 (base 11) to base 5
112234243
Convert 58785 (base 13) to base 2.
100111011110001001
Convert -a5962a (base 12) to base 4.
-21330311002
Convert 6ab750 (base 12) to base 5.
420023203
What is -230013312310 (base 4) in base 5?
-10430112031
Convert 182959 (base 12) to base 9.
708446
Convert 1111765 (base 9) to base 10.
598406
What is 13115a7 (base 11) in base 13?
616b39
What is 102021210101102 (base 3) in base 11?
3428339
What is -15030436 (base 9) in base 2?
-11100011101010101110110
2011000012212 (base 3) to base 6
40245552
-45a00 (base 13) to base 4
-132333013
What is 1006002 (base 7) in base 16?
1d39d
63326215 (base 8) to base 12
4620465
What is -2522104 (base 6) in base 8?
-410130
-560981 (base 15) to base 13
-b0859a
Convert -1624214 (base 7) to base 16.
-36e06
1823953 (base 12) to base 16
4cab8f
What is -57643bb (base 12) in base 5?
-13300204042
What is -5a7a9 (base 11) in base 6?
-1513001
Convert 1110000100100111 (base 2) to base 8.
160447
What is -2ad1ab (base 15) in base 11?
-1193737
2b2a6b (base 14) to base 15
1eb247
What is b9032 (base 14) in base 6?
13330524
Convert -4838a (base 13) to base 4.
-200111121
What is -2013301101 (base 4) in base 5?
-120243423
What is -314712 (base 8) in base 2?
-11001100111001010
What is -13363717 (base 9) in base 16?
-64a7df
-12137634 (base 8) to base 11
-1564420
What is cbd9c (base 16) in base 2?
11001011110110011100
What is -134123534 (base 6) in base 11?
-1596582
Convert -2997 (base 15) to base 7.
-34666
What is -43a748 (base 12) in base 4?
-10012222220
Convert -56603 (base 11) to base 7.
-460556
What is -211201201211 (base 3) in base 15?
-8c877
Convert 1122221002112 (base 3) to base 9.
1587075
-149002 (base 12) to base 4
-1110303002
Convert 4861aa1 (base 11) to base 12.
2a02992
What is -2b3a42 (base 14) in base 13?
-40a7b6
Convert 31142401 (base 5) to base 2.
111110011111101000
94663 (base 10) to base 11
65138
Convert 637a (base 11) to base 13.
3abc
110000111100100011000 (